{"id":174,"date":"2013-05-08T22:35:45","date_gmt":"2013-05-08T20:35:45","guid":{"rendered":"http:\/\/localhost\/hoogstede\/?page_id=174"},"modified":"2022-08-06T14:00:36","modified_gmt":"2022-08-06T12:00:36","slug":"mischgebiet","status":"publish","type":"page","link":"https:\/\/www.hoogstede.de\/wp-gemeinde\/wirtschaft\/mischgebiet\/","title":{"rendered":"Mischgebiet &#8220;Wilsumer Stra\u00dfe&#8221;"},"content":{"rendered":"<p><img loading=\"lazy\" decoding=\"async\" src=\"https:\/\/www.hoogstede.de\/wp-gemeinde\/wp-content\/uploads\/2020\/03\/Pflegeheim-23122019.jpg\" alt=\"\" width=\"1024\" height=\"583\"\/><\/p>\n<p>&nbsp; &nbsp; &nbsp; &nbsp; &nbsp; &nbsp; &nbsp; &nbsp; &nbsp; &nbsp; &nbsp; &nbsp; &nbsp; &nbsp; &nbsp; &nbsp; &nbsp; &nbsp; &nbsp; &nbsp; &nbsp; &nbsp; &nbsp; &nbsp; &nbsp; &nbsp; &nbsp; &nbsp; &nbsp; &nbsp; &nbsp; &nbsp; &nbsp; &nbsp; &nbsp; &nbsp; &nbsp; &nbsp; &nbsp; &nbsp; &nbsp; &nbsp; &nbsp; &nbsp; &nbsp; &nbsp; &nbsp; &nbsp; &nbsp; &nbsp; &nbsp; &nbsp; &nbsp; &nbsp; &nbsp; &nbsp; &nbsp; &nbsp; &nbsp; &nbsp; &nbsp; &nbsp; &nbsp; &nbsp; &nbsp; &nbsp; &nbsp; &nbsp; &nbsp; &nbsp; &nbsp; &nbsp; &nbsp; &nbsp; &nbsp; &nbsp; &nbsp; &nbsp; &nbsp; &nbsp; &nbsp; &nbsp; &nbsp; &nbsp; &nbsp; &nbsp; &nbsp; &nbsp; &nbsp; &nbsp; Bild von 2018<\/p>\n<p>Das Mischgebiet hat sich zum &#8220;Gesundheitszentrum&#8221; mitten im Ortskern entwickelt. Angesiedelt sind hier das Unternehmen &#8220;Physio-Aktiv&#8221; sowie seit 2014 der Ortsverband des Deutschen Roten Kreuzes (DRK). Seit Oktober 2019 ist hier auch ein Rettungswagen des DRK-Kreisverbandes stationiert.<\/p>\n<p>Die Restfl\u00e4che mit einer Gr\u00f6\u00dfe von ca. 1 ha wurde im Dezember 2018 verkauft.<\/p>\n<p>Hier ist das &#8220;Seniorenzentrum Vechtetal Hoogstede&#8221; &nbsp;mit 46 Pl\u00e4tzen, einer Tagespflege, Zahnarztpraxis und Apotheke Ende 2020 fertiggestellt worden.<\/p>\n<p>Eine Arztpraxis wurde gleich nebenan gebaut . Weiterhin wurde ein Geb\u00e4udekomplex mit 13 Wohnungen f\u00fcr &#8220;Betreutes Wohnen&#8221; errichtet.<\/p>\n<p>Ausk\u00fcnfte zum Mischgebiet erteilt der B\u00fcrgermeister der Gemeinde Hoogstede (Telefon: 05944 666).<\/p>\n<p>Fragen zum Seniorenzentrum beantwortet Herr Eike Jonker als Betreiber. Sie erreichen ihn per E-Mail unter der Adresse <a href=\"mailto:projekt-hoogstede@t-online.de\" target=\"_blank\" rel=\"noopener noreferrer\">projekt-hoogstede@t-online.de<\/a>.<\/p>\n<h4>Das k\u00f6nnte Sie auch interessieren<\/h4>\n<p><a title=\"Gewerbegebiet Hoogstede\" href=\"http:\/\/www.hoogstede.de\/wp-gemeinde\/wirtschaft\/gewerbegebiet\/\">Gewerbegebiet Hoogstede<\/a><\/p>\n\n","protected":false},"excerpt":{"rendered":"<\/p>\n<p>&nbsp; &nbsp; &nbsp; &nbsp; &nbsp; &nbsp; &nbsp; &nbsp; &nbsp; &nbsp; &nbsp; &nbsp; &nbsp; &nbsp; &nbsp; &nbsp; &nbsp; &nbsp; &nbsp; &nbsp; &nbsp; &nbsp; &nbsp; &nbsp; &nbsp; &nbsp; &nbsp; &nbsp; &nbsp; &nbsp; &nbsp; &nbsp; &nbsp; &nbsp; &nbsp; &nbsp; &nbsp; &nbsp; &nbsp; &nbsp; &nbsp; &nbsp; &nbsp; &nbsp; &nbsp; &nbsp; &nbsp; &nbsp; &nbsp; &nbsp; &nbsp; &nbsp; &nbsp; &nbsp; &hellip; <\/p>\n<p><a class=\"more-link btn\" href=\"https:\/\/www.hoogstede.de\/wp-gemeinde\/wirtschaft\/mischgebiet\/\">Weiterlesen<\/a><\/p>\n","protected":false},"author":2,"featured_media":0,"parent":72,"menu_order":40,"comment_status":"closed","ping_status":"closed","template":"","meta":{"ngg_post_thumbnail":0,"footnotes":"","_links_to":"","_links_to_target":""},"class_list":["post-174","page","type-page","status-publish","hentry","nodate","item-wrap"],"_links":{"self":[{"href":"https:\/\/www.hoogstede.de\/wp-gemeinde\/wp-json\/wp\/v2\/pages\/174","targetHints":{"allow":["GET"]}}],"collection":[{"href":"https:\/\/www.hoogstede.de\/wp-gemeinde\/wp-json\/wp\/v2\/pages"}],"about":[{"href":"https:\/\/www.hoogstede.de\/wp-gemeinde\/wp-json\/wp\/v2\/types\/page"}],"author":[{"embeddable":true,"href":"https:\/\/www.hoogstede.de\/wp-gemeinde\/wp-json\/wp\/v2\/users\/2"}],"replies":[{"embeddable":true,"href":"https:\/\/www.hoogstede.de\/wp-gemeinde\/wp-json\/wp\/v2\/comments?post=174"}],"version-history":[{"count":13,"href":"https:\/\/www.hoogstede.de\/wp-gemeinde\/wp-json\/wp\/v2\/pages\/174\/revisions"}],"predecessor-version":[{"id":7084,"href":"https:\/\/www.hoogstede.de\/wp-gemeinde\/wp-json\/wp\/v2\/pages\/174\/revisions\/7084"}],"up":[{"embeddable":true,"href":"https:\/\/www.hoogstede.de\/wp-gemeinde\/wp-json\/wp\/v2\/pages\/72"}],"wp:attachment":[{"href":"https:\/\/www.hoogstede.de\/wp-gemeinde\/wp-json\/wp\/v2\/media?parent=174"}],"curies":[{"name":"wp","href":"https:\/\/api.w.org\/{rel}","templated":true}]}}