{"id":164,"date":"2013-05-08T22:31:06","date_gmt":"2013-05-08T20:31:06","guid":{"rendered":"http:\/\/localhost\/hoogstede\/?page_id=164"},"modified":"2022-12-17T09:13:22","modified_gmt":"2022-12-17T08:13:22","slug":"dorfwettbewerbe","status":"publish","type":"page","link":"https:\/\/www.hoogstede.de\/wp-gemeinde\/bildergallerie\/dorfwettbewerbe\/","title":{"rendered":"Dorfwettbewerbe"},"content":{"rendered":"<h3 data-canvas-width=\"375.92999999999995\">Das b\u00fcrgerschaftliche Engagement in den D\u00f6rfern w\u00fcrdigen<\/h3>\n<p data-canvas-width=\"367.785\">Ziel des traditionsreichen Bundeswettbewerbs \u201eUnser Dorf hat Zukunft\u201c ist es, das b\u00fcrgerschaftliche Engagement zu aktivieren und das Leben im Ort attraktiv zu gestalten. Die Dorfbewohner sind im Zusammen-wirken mit der Gemeinde aufgefordert, Ideen, Konzepte und Projekte zu entwickeln und umzusetzen und somit die Dorfgemeinschaft zu festigen. Mit dem Wettbewerb sollen die Menschen motiviert werden, ihr Lebensumfeld mitzugestalten und auf die wirtschaftliche, soziale und \u00f6kologische Entwicklung unmittelbar Einfluss zunehmen.<\/p>\n<p data-canvas-width=\"367.785\">Der Wettbewerb \u201eUnser Dorf hat Zukunft\u201c, den das Bundesministerium f\u00fcr Ern\u00e4hrung und Landwirtschaft seit vielen Jahren gemeinsam mit den L\u00e4ndern und Verb\u00e4nden durchf\u00fchrt, setzt genau hier an. Die Menschen in den D\u00f6rfern nehmen es selbst in die Hand, das Leben ihrer Heimatregion weiterzuentwickeln, auch in der Verantwortung f\u00fcr kommende Generationen.<\/p>\n<p data-canvas-width=\"367.785\">Die Gemeinde Hoogstede hat am Wettbewerb &#8211; der alle drei Jahre immer auf Kreisebene startet &#8211; erstmals 2005 teilgenommen. Im Jahr 2008 hat unsere Gemeinde den Kreiswettbewerb gewonnen und sich f\u00fcr die n\u00e4chste Ebene qualifiziert. F\u00fcr eine Teilnahme auf Bundesebene hat es leider nicht gereicht.<\/p>\n<p data-canvas-width=\"367.785\">In Zusammenarbeit mit den vereinen, Verb\u00e4nden, Organisationen und Kirchen hat sich unsere Gemeinde immer von seiner besten Seite pr\u00e4sentiert. Der Wettbewerb hat das Zusammengeh\u00f6rigkeitsgef\u00fchl enorm gest\u00e4rkt.<\/p>\n<p data-canvas-width=\"367.785\">\t<div class=\"ngg-albumoverview default-view\">\n\t\t\t\t\t<div class=\"ngg-album-compact\">\n\t\t\t\t<div class=\"ngg-album-compactbox\">\n\t\t\t\t\t<div class=\"ngg-album-link\">\n\t\t\t\t\t\t\t\t\t\t\t\t\t\t\t\t\t\t\t\t\t<a title='Dorfwettbewerb 2008' href='https:\/\/www.hoogstede.de\/wp-gemeinde\/bildergallerie\/dorfwettbewerbe\/nggallery\/dorfwettbewerbe\/dorfwettbewerb-2008'>\n\t\t\t\t\t\t\t\t\t<img class=\"Thumb\"\n\t\t\t\t\t\t\t\t\t\talt=\"Dorfwettbewerb 2008\"\n\t\t\t\t\t\t\t\t\t\tsrc=\"https:\/\/www.hoogstede.de\/wp-gemeinde\/wp-content\/gallery\/dorfwettbewerb-2008\/cache\/DSC4880.jpg-nggid03193-ngg0dyn-91x68-00f0w010c011r110f110r010t010.jpg\"\/>\n\t\t\t\t\t\t\t\t<\/a>\n\t\t\t\t\t\t\t\t\t\t\t\t\t\t\t\t\t\t<\/div>\n\t\t\t\t<\/div>\n\t\t\t\t\t\t\t\t<h4>\n\t\t\t\t\t<a class='ngg-album-desc' \n\t\t\t\t\ttitle='Dorfwettbewerb 2008' href='https:\/\/www.hoogstede.de\/wp-gemeinde\/bildergallerie\/dorfwettbewerbe\/nggallery\/dorfwettbewerbe\/dorfwettbewerb-2008'style=\"max-width: 111px\"\t\t\t\t\t>\n\t\t\t\t\t\tDorfwettbewerb 2008\t\t\t\t\t<\/a>\n\t\t\t\t<\/h4>\n\t\t\t\t<p class=\"ngg-album-gallery-image-counter\">\n\t\t\t\t\t\t\t\t\t\t\t<strong>65<\/strong>&nbsp;Fotos\t\t\t\t\t\t\t\t\t<\/p>\n\t\t\t<\/div>\n\t\t\t\t\t<div class=\"ngg-album-compact\">\n\t\t\t\t<div class=\"ngg-album-compactbox\">\n\t\t\t\t\t<div class=\"ngg-album-link\">\n\t\t\t\t\t\t\t\t\t\t\t\t\t\t\t\t\t\t\t\t\t<a title='Dorfwettbewerb 2009' href='https:\/\/www.hoogstede.de\/wp-gemeinde\/bildergallerie\/dorfwettbewerbe\/nggallery\/dorfwettbewerbe\/dorfwettbewerb-2009'>\n\t\t\t\t\t\t\t\t\t<img class=\"Thumb\"\n\t\t\t\t\t\t\t\t\t\talt=\"Dorfwettbewerb 2009\"\n\t\t\t\t\t\t\t\t\t\tsrc=\"https:\/\/www.hoogstede.de\/wp-gemeinde\/wp-content\/gallery\/dorfwettbewerb-2009\/cache\/Hoogstede_01.jpg-nggid03258-ngg0dyn-91x68-00f0w010c011r110f110r010t010.jpg\"\/>\n\t\t\t\t\t\t\t\t<\/a>\n\t\t\t\t\t\t\t\t\t\t\t\t\t\t\t\t\t\t<\/div>\n\t\t\t\t<\/div>\n\t\t\t\t\t\t\t\t<h4>\n\t\t\t\t\t<a class='ngg-album-desc' \n\t\t\t\t\ttitle='Dorfwettbewerb 2009' href='https:\/\/www.hoogstede.de\/wp-gemeinde\/bildergallerie\/dorfwettbewerbe\/nggallery\/dorfwettbewerbe\/dorfwettbewerb-2009'style=\"max-width: 111px\"\t\t\t\t\t>\n\t\t\t\t\t\tDorfwettbewerb 2009\t\t\t\t\t<\/a>\n\t\t\t\t<\/h4>\n\t\t\t\t<p class=\"ngg-album-gallery-image-counter\">\n\t\t\t\t\t\t\t\t\t\t\t<strong>89<\/strong>&nbsp;Fotos\t\t\t\t\t\t\t\t\t<\/p>\n\t\t\t<\/div>\n\t\t\t\t\t<div class=\"ngg-album-compact\">\n\t\t\t\t<div class=\"ngg-album-compactbox\">\n\t\t\t\t\t<div class=\"ngg-album-link\">\n\t\t\t\t\t\t\t\t\t\t\t\t\t\t\t\t\t\t\t\t\t<a title='Dorfwettbewerb 2011' href='https:\/\/www.hoogstede.de\/wp-gemeinde\/bildergallerie\/dorfwettbewerbe\/nggallery\/dorfwettbewerbe\/dorfwettbewerb-2011'>\n\t\t\t\t\t\t\t\t\t<img class=\"Thumb\"\n\t\t\t\t\t\t\t\t\t\talt=\"Dorfwettbewerb 2011\"\n\t\t\t\t\t\t\t\t\t\tsrc=\"https:\/\/www.hoogstede.de\/wp-gemeinde\/wp-content\/gallery\/dorfwettbewerb-2011\/cache\/DSC2308.jpg-nggid03347-ngg0dyn-91x68-00f0w010c011r110f110r010t010.jpg\"\/>\n\t\t\t\t\t\t\t\t<\/a>\n\t\t\t\t\t\t\t\t\t\t\t\t\t\t\t\t\t\t<\/div>\n\t\t\t\t<\/div>\n\t\t\t\t\t\t\t\t<h4>\n\t\t\t\t\t<a class='ngg-album-desc' \n\t\t\t\t\ttitle='Dorfwettbewerb 2011' href='https:\/\/www.hoogstede.de\/wp-gemeinde\/bildergallerie\/dorfwettbewerbe\/nggallery\/dorfwettbewerbe\/dorfwettbewerb-2011'style=\"max-width: 111px\"\t\t\t\t\t>\n\t\t\t\t\t\tDorfwettbewerb 2011\t\t\t\t\t<\/a>\n\t\t\t\t<\/h4>\n\t\t\t\t<p class=\"ngg-album-gallery-image-counter\">\n\t\t\t\t\t\t\t\t\t\t\t<strong>82<\/strong>&nbsp;Fotos\t\t\t\t\t\t\t\t\t<\/p>\n\t\t\t<\/div>\n\t\t\t\t<br class=\"ngg-clear\"\/>\n\t\t<div class='ngg-clear'><\/div>\t<\/div>\n<\/p>\n","protected":false},"excerpt":{"rendered":"<p>Das b\u00fcrgerschaftliche Engagement in den D\u00f6rfern w\u00fcrdigen <\/p>\n<p data-canvas-width=\"367.785\">Ziel des traditionsreichen Bundeswettbewerbs \u201eUnser Dorf hat Zukunft\u201c ist es, das b\u00fcrgerschaftliche Engagement zu aktivieren und das Leben im Ort attraktiv zu gestalten. Die Dorfbewohner sind im Zusammen-wirken mit der Gemeinde aufgefordert, Ideen, Konzepte und Projekte zu entwickeln und umzusetzen und somit die Dorfgemeinschaft zu festigen. Mit &hellip; <\/p>\n<p><a class=\"more-link btn\" href=\"https:\/\/www.hoogstede.de\/wp-gemeinde\/bildergallerie\/dorfwettbewerbe\/\">Weiterlesen<\/a><\/p>\n","protected":false},"author":2,"featured_media":2213,"parent":90,"menu_order":20,"comment_status":"closed","ping_status":"closed","template":"","meta":{"ngg_post_thumbnail":0,"footnotes":"","_links_to":"","_links_to_target":""},"class_list":["post-164","page","type-page","status-publish","has-post-thumbnail","hentry","nodate","item-wrap"],"_links":{"self":[{"href":"https:\/\/www.hoogstede.de\/wp-gemeinde\/wp-json\/wp\/v2\/pages\/164","targetHints":{"allow":["GET"]}}],"collection":[{"href":"https:\/\/www.hoogstede.de\/wp-gemeinde\/wp-json\/wp\/v2\/pages"}],"about":[{"href":"https:\/\/www.hoogstede.de\/wp-gemeinde\/wp-json\/wp\/v2\/types\/page"}],"author":[{"embeddable":true,"href":"https:\/\/www.hoogstede.de\/wp-gemeinde\/wp-json\/wp\/v2\/users\/2"}],"replies":[{"embeddable":true,"href":"https:\/\/www.hoogstede.de\/wp-gemeinde\/wp-json\/wp\/v2\/comments?post=164"}],"version-history":[{"count":2,"href":"https:\/\/www.hoogstede.de\/wp-gemeinde\/wp-json\/wp\/v2\/pages\/164\/revisions"}],"predecessor-version":[{"id":7315,"href":"https:\/\/www.hoogstede.de\/wp-gemeinde\/wp-json\/wp\/v2\/pages\/164\/revisions\/7315"}],"up":[{"embeddable":true,"href":"https:\/\/www.hoogstede.de\/wp-gemeinde\/wp-json\/wp\/v2\/pages\/90"}],"wp:featuredmedia":[{"embeddable":true,"href":"https:\/\/www.hoogstede.de\/wp-gemeinde\/wp-json\/wp\/v2\/media\/2213"}],"wp:attachment":[{"href":"https:\/\/www.hoogstede.de\/wp-gemeinde\/wp-json\/wp\/v2\/media?parent=164"}],"curies":[{"name":"wp","href":"https:\/\/api.w.org\/{rel}","templated":true}]}}