{"id":163,"date":"2013-05-08T22:30:50","date_gmt":"2013-05-08T20:30:50","guid":{"rendered":"http:\/\/localhost\/hoogstede\/?page_id=163"},"modified":"2024-04-30T10:52:13","modified_gmt":"2024-04-30T08:52:13","slug":"neujahrsempfange","status":"publish","type":"page","link":"https:\/\/www.hoogstede.de\/wp-gemeinde\/bildergallerie\/neujahrsempfange\/","title":{"rendered":"Neujahrsempf\u00e4nge"},"content":{"rendered":"<p>Seit 2008 richtet die Gemeinde Hoogstede jedes Jahr im Januar einen Neujahrsempfang aus. Regelm\u00e4\u00dfig nehmen 300 bis 350 B\u00fcrgerinnen und B\u00fcrger an der Veranstaltung teil. Neben der informativen&nbsp; Neujahrsansprache des B\u00fcrgermeisters mit R\u00fcck- und Ausblick gibt es ein unterhaltsames Rahmenprogramm, dass musikalisch durch Gruppen aus der Gemeinde gestaltet wird.<\/p>\n<p>Die Besucher sind G\u00e4ste der Gemeinde und werden von den Ratsmitgliedern bewirtet, die auch die \u00fcblichen Neujahrskuchen und Pl\u00e4tzchen backen. Die G\u00e4ste danken daf\u00fcr mit einer Spende ins aufgestellte Sparschwein, die sozialen, wohlt\u00e4tigen und kulturellen Einrichtungen in der Gemeinde \u00fcbergeben wird.<\/p>\n<p>&nbsp;<\/p>\n<p>\t<div class=\"ngg-albumoverview default-view\">\n\t\t\t\t\t<div class=\"ngg-album-compact\">\n\t\t\t\t<div class=\"ngg-album-compactbox\">\n\t\t\t\t\t<div class=\"ngg-album-link\">\n\t\t\t\t\t\t\t\t\t\t\t\t\t\t\t\t\t\t\t\t\t<a title='Empfang 2013' href='https:\/\/www.hoogstede.de\/wp-gemeinde\/bildergallerie\/neujahrsempfange\/nggallery\/neujahrsempfaenge\/neujahrsempfang-2013'>\n\t\t\t\t\t\t\t\t\t<img class=\"Thumb\"\n\t\t\t\t\t\t\t\t\t\talt=\"Empfang 2013\"\n\t\t\t\t\t\t\t\t\t\tsrc=\"https:\/\/www.hoogstede.de\/wp-gemeinde\/wp-content\/gallery\/neujahrsempfang-2013\/cache\/DSC3921.jpg-nggid03673-ngg0dyn-91x68-00f0w010c011r110f110r010t010.jpg\"\/>\n\t\t\t\t\t\t\t\t<\/a>\n\t\t\t\t\t\t\t\t\t\t\t\t\t\t\t\t\t\t<\/div>\n\t\t\t\t<\/div>\n\t\t\t\t\t\t\t\t<h4>\n\t\t\t\t\t<a class='ngg-album-desc'\n\t\t\t\t\ttitle='Empfang 2013' href='https:\/\/www.hoogstede.de\/wp-gemeinde\/bildergallerie\/neujahrsempfange\/nggallery\/neujahrsempfaenge\/neujahrsempfang-2013'style=\"max-width: 111px\"\t\t\t\t\t>\n\t\t\t\t\t\tEmpfang 2013\t\t\t\t\t<\/a>\n\t\t\t\t<\/h4>\n\t\t\t\t<p class=\"ngg-album-gallery-image-counter\">\n\t\t\t\t\t\t\t\t\t\t\t<strong>124<\/strong>&nbsp;Fotos\t\t\t\t\t\t\t\t\t<\/p>\n\t\t\t<\/div>\n\t\t\t\t\t<div class=\"ngg-album-compact\">\n\t\t\t\t<div class=\"ngg-album-compactbox\">\n\t\t\t\t\t<div class=\"ngg-album-link\">\n\t\t\t\t\t\t\t\t\t\t\t\t\t\t\t\t\t\t\t\t\t<a title='Empfang 2014' href='https:\/\/www.hoogstede.de\/wp-gemeinde\/bildergallerie\/neujahrsempfange\/nggallery\/neujahrsempfaenge\/neujahrsempfang-2014'>\n\t\t\t\t\t\t\t\t\t<img class=\"Thumb\"\n\t\t\t\t\t\t\t\t\t\talt=\"Empfang 2014\"\n\t\t\t\t\t\t\t\t\t\tsrc=\"https:\/\/www.hoogstede.de\/wp-gemeinde\/wp-content\/gallery\/neujahrsempfang-2014\/cache\/DSC4720.jpg-nggid03641-ngg0dyn-91x68-00f0w010c011r110f110r010t010.jpg\"\/>\n\t\t\t\t\t\t\t\t<\/a>\n\t\t\t\t\t\t\t\t\t\t\t\t\t\t\t\t\t\t<\/div>\n\t\t\t\t<\/div>\n\t\t\t\t\t\t\t\t<h4>\n\t\t\t\t\t<a class='ngg-album-desc'\n\t\t\t\t\ttitle='Empfang 2014' href='https:\/\/www.hoogstede.de\/wp-gemeinde\/bildergallerie\/neujahrsempfange\/nggallery\/neujahrsempfaenge\/neujahrsempfang-2014'style=\"max-width: 111px\"\t\t\t\t\t>\n\t\t\t\t\t\tEmpfang 2014\t\t\t\t\t<\/a>\n\t\t\t\t<\/h4>\n\t\t\t\t<p class=\"ngg-album-gallery-image-counter\">\n\t\t\t\t\t\t\t\t\t\t\t<strong>79<\/strong>&nbsp;Fotos\t\t\t\t\t\t\t\t\t<\/p>\n\t\t\t<\/div>\n\t\t\t\t\t<div class=\"ngg-album-compact\">\n\t\t\t\t<div class=\"ngg-album-compactbox\">\n\t\t\t\t\t<div class=\"ngg-album-link\">\n\t\t\t\t\t\t\t\t\t\t\t\t\t\t\t\t\t\t\t\t\t<a title='Empfang 2015' href='https:\/\/www.hoogstede.de\/wp-gemeinde\/bildergallerie\/neujahrsempfange\/nggallery\/neujahrsempfaenge\/neujahrsempfang-2015'>\n\t\t\t\t\t\t\t\t\t<img class=\"Thumb\"\n\t\t\t\t\t\t\t\t\t\talt=\"Empfang 2015\"\n\t\t\t\t\t\t\t\t\t\tsrc=\"https:\/\/www.hoogstede.de\/wp-gemeinde\/wp-content\/gallery\/neujahrsempfang-2015\/cache\/DSC3696.jpg-nggid0233-ngg0dyn-91x68-00f0w010c011r110f110r010t010.jpg\"\/>\n\t\t\t\t\t\t\t\t<\/a>\n\t\t\t\t\t\t\t\t\t\t\t\t\t\t\t\t\t\t<\/div>\n\t\t\t\t<\/div>\n\t\t\t\t\t\t\t\t<h4>\n\t\t\t\t\t<a class='ngg-album-desc'\n\t\t\t\t\ttitle='Empfang 2015' href='https:\/\/www.hoogstede.de\/wp-gemeinde\/bildergallerie\/neujahrsempfange\/nggallery\/neujahrsempfaenge\/neujahrsempfang-2015'style=\"max-width: 111px\"\t\t\t\t\t>\n\t\t\t\t\t\tEmpfang 2015\t\t\t\t\t<\/a>\n\t\t\t\t<\/h4>\n\t\t\t\t<p class=\"ngg-album-gallery-image-counter\">\n\t\t\t\t\t\t\t\t\t\t\t<strong>123<\/strong>&nbsp;Fotos\t\t\t\t\t\t\t\t\t<\/p>\n\t\t\t<\/div>\n\t\t\t\t\t<div class=\"ngg-album-compact\">\n\t\t\t\t<div class=\"ngg-album-compactbox\">\n\t\t\t\t\t<div class=\"ngg-album-link\">\n\t\t\t\t\t\t\t\t\t\t\t\t\t\t\t\t\t\t\t\t\t<a title='Empfang 2016' href='https:\/\/www.hoogstede.de\/wp-gemeinde\/bildergallerie\/neujahrsempfange\/nggallery\/neujahrsempfaenge\/empfang-2016'>\n\t\t\t\t\t\t\t\t\t<img class=\"Thumb\"\n\t\t\t\t\t\t\t\t\t\talt=\"Empfang 2016\"\n\t\t\t\t\t\t\t\t\t\tsrc=\"https:\/\/www.hoogstede.de\/wp-gemeinde\/wp-content\/gallery\/empfang-2016\/cache\/FBH6122.jpg-nggid03928-ngg0dyn-91x68-00f0w010c011r110f110r010t010.jpg\"\/>\n\t\t\t\t\t\t\t\t<\/a>\n\t\t\t\t\t\t\t\t\t\t\t\t\t\t\t\t\t\t<\/div>\n\t\t\t\t<\/div>\n\t\t\t\t\t\t\t\t<h4>\n\t\t\t\t\t<a class='ngg-album-desc'\n\t\t\t\t\ttitle='Empfang 2016' href='https:\/\/www.hoogstede.de\/wp-gemeinde\/bildergallerie\/neujahrsempfange\/nggallery\/neujahrsempfaenge\/empfang-2016'style=\"max-width: 111px\"\t\t\t\t\t>\n\t\t\t\t\t\tEmpfang 2016\t\t\t\t\t<\/a>\n\t\t\t\t<\/h4>\n\t\t\t\t<p class=\"ngg-album-gallery-image-counter\">\n\t\t\t\t\t\t\t\t\t\t\t<strong>130<\/strong>&nbsp;Fotos\t\t\t\t\t\t\t\t\t<\/p>\n\t\t\t<\/div>\n\t\t\t\t\t<div class=\"ngg-album-compact\">\n\t\t\t\t<div class=\"ngg-album-compactbox\">\n\t\t\t\t\t<div class=\"ngg-album-link\">\n\t\t\t\t\t\t\t\t\t\t\t\t\t\t\t\t\t\t\t\t\t<a title='Empfang 2017' href='https:\/\/www.hoogstede.de\/wp-gemeinde\/bildergallerie\/neujahrsempfange\/nggallery\/neujahrsempfaenge\/empfang-2017'>\n\t\t\t\t\t\t\t\t\t<img class=\"Thumb\"\n\t\t\t\t\t\t\t\t\t\talt=\"Empfang 2017\"\n\t\t\t\t\t\t\t\t\t\tsrc=\"https:\/\/www.hoogstede.de\/wp-gemeinde\/wp-content\/gallery\/empfang-2017\/cache\/FBH_6950.jpg-nggid041472-ngg0dyn-91x68-00f0w010c011r110f110r010t010.jpg\"\/>\n\t\t\t\t\t\t\t\t<\/a>\n\t\t\t\t\t\t\t\t\t\t\t\t\t\t\t\t\t\t<\/div>\n\t\t\t\t<\/div>\n\t\t\t\t\t\t\t\t<h4>\n\t\t\t\t\t<a class='ngg-album-desc'\n\t\t\t\t\ttitle='Empfang 2017' href='https:\/\/www.hoogstede.de\/wp-gemeinde\/bildergallerie\/neujahrsempfange\/nggallery\/neujahrsempfaenge\/empfang-2017'style=\"max-width: 111px\"\t\t\t\t\t>\n\t\t\t\t\t\tEmpfang 2017\t\t\t\t\t<\/a>\n\t\t\t\t<\/h4>\n\t\t\t\t<p class=\"ngg-album-gallery-image-counter\">\n\t\t\t\t\t\t\t\t\t\t\t<strong>142<\/strong>&nbsp;Fotos\t\t\t\t\t\t\t\t\t<\/p>\n\t\t\t<\/div>\n\t\t\t\t\t<div class=\"ngg-album-compact\">\n\t\t\t\t<div class=\"ngg-album-compactbox\">\n\t\t\t\t\t<div class=\"ngg-album-link\">\n\t\t\t\t\t\t\t\t\t\t\t\t\t\t\t\t\t\t\t\t\t<a title='Empfang 2018' href='https:\/\/www.hoogstede.de\/wp-gemeinde\/bildergallerie\/neujahrsempfange\/nggallery\/neujahrsempfaenge\/Empfang-2018'>\n\t\t\t\t\t\t\t\t\t<img class=\"Thumb\"\n\t\t\t\t\t\t\t\t\t\talt=\"Empfang 2018\"\n\t\t\t\t\t\t\t\t\t\tsrc=\"https:\/\/www.hoogstede.de\/wp-gemeinde\/wp-content\/gallery\/empfang-2018\/cache\/FBH_7450.jpg-nggid041684-ngg0dyn-91x68-00f0w010c011r110f110r010t010.jpg\"\/>\n\t\t\t\t\t\t\t\t<\/a>\n\t\t\t\t\t\t\t\t\t\t\t\t\t\t\t\t\t\t<\/div>\n\t\t\t\t<\/div>\n\t\t\t\t\t\t\t\t<h4>\n\t\t\t\t\t<a class='ngg-album-desc'\n\t\t\t\t\ttitle='Empfang 2018' href='https:\/\/www.hoogstede.de\/wp-gemeinde\/bildergallerie\/neujahrsempfange\/nggallery\/neujahrsempfaenge\/Empfang-2018'style=\"max-width: 111px\"\t\t\t\t\t>\n\t\t\t\t\t\tEmpfang 2018\t\t\t\t\t<\/a>\n\t\t\t\t<\/h4>\n\t\t\t\t<p class=\"ngg-album-gallery-image-counter\">\n\t\t\t\t\t\t\t\t\t\t\t<strong>121<\/strong>&nbsp;Fotos\t\t\t\t\t\t\t\t\t<\/p>\n\t\t\t<\/div>\n\t\t\t\t\t<div class=\"ngg-album-compact\">\n\t\t\t\t<div class=\"ngg-album-compactbox\">\n\t\t\t\t\t<div class=\"ngg-album-link\">\n\t\t\t\t\t\t\t\t\t\t\t\t\t\t\t\t\t\t\t\t\t<a title='Empfang 2019' href='https:\/\/www.hoogstede.de\/wp-gemeinde\/bildergallerie\/neujahrsempfange\/nggallery\/neujahrsempfaenge\/empfang-2019'>\n\t\t\t\t\t\t\t\t\t<img class=\"Thumb\"\n\t\t\t\t\t\t\t\t\t\talt=\"Empfang 2019\"\n\t\t\t\t\t\t\t\t\t\tsrc=\"https:\/\/www.hoogstede.de\/wp-gemeinde\/wp-content\/gallery\/empfang-2019\/cache\/FBH_7822.jpg-nggid041865-ngg0dyn-91x68-00f0w010c011r110f110r010t010.jpg\"\/>\n\t\t\t\t\t\t\t\t<\/a>\n\t\t\t\t\t\t\t\t\t\t\t\t\t\t\t\t\t\t<\/div>\n\t\t\t\t<\/div>\n\t\t\t\t\t\t\t\t<h4>\n\t\t\t\t\t<a class='ngg-album-desc'\n\t\t\t\t\ttitle='Empfang 2019' href='https:\/\/www.hoogstede.de\/wp-gemeinde\/bildergallerie\/neujahrsempfange\/nggallery\/neujahrsempfaenge\/empfang-2019'style=\"max-width: 111px\"\t\t\t\t\t>\n\t\t\t\t\t\tEmpfang 2019\t\t\t\t\t<\/a>\n\t\t\t\t<\/h4>\n\t\t\t\t<p class=\"ngg-album-gallery-image-counter\">\n\t\t\t\t\t\t\t\t\t\t\t<strong>149<\/strong>&nbsp;Fotos\t\t\t\t\t\t\t\t\t<\/p>\n\t\t\t<\/div>\n\t\t\t\t\t<div class=\"ngg-album-compact\">\n\t\t\t\t<div class=\"ngg-album-compactbox\">\n\t\t\t\t\t<div class=\"ngg-album-link\">\n\t\t\t\t\t\t\t\t\t\t\t\t\t\t\t\t\t\t\t\t\t<a title='Empfang 2020' href='https:\/\/www.hoogstede.de\/wp-gemeinde\/bildergallerie\/neujahrsempfange\/nggallery\/neujahrsempfaenge\/empfang-2020'>\n\t\t\t\t\t\t\t\t\t<img class=\"Thumb\"\n\t\t\t\t\t\t\t\t\t\talt=\"Empfang 2020\"\n\t\t\t\t\t\t\t\t\t\tsrc=\"https:\/\/www.hoogstede.de\/wp-gemeinde\/wp-content\/gallery\/empfang-2020\/cache\/FBH_8298.jpg-nggid042118-ngg0dyn-91x68-00f0w010c011r110f110r010t010.jpg\"\/>\n\t\t\t\t\t\t\t\t<\/a>\n\t\t\t\t\t\t\t\t\t\t\t\t\t\t\t\t\t\t<\/div>\n\t\t\t\t<\/div>\n\t\t\t\t\t\t\t\t<h4>\n\t\t\t\t\t<a class='ngg-album-desc'\n\t\t\t\t\ttitle='Empfang 2020' href='https:\/\/www.hoogstede.de\/wp-gemeinde\/bildergallerie\/neujahrsempfange\/nggallery\/neujahrsempfaenge\/empfang-2020'style=\"max-width: 111px\"\t\t\t\t\t>\n\t\t\t\t\t\tEmpfang 2020\t\t\t\t\t<\/a>\n\t\t\t\t<\/h4>\n\t\t\t\t<p class=\"ngg-album-gallery-image-counter\">\n\t\t\t\t\t\t\t\t\t\t\t<strong>159<\/strong>&nbsp;Fotos\t\t\t\t\t\t\t\t\t<\/p>\n\t\t\t<\/div>\n\t\t\t\t\t<div class=\"ngg-album-compact\">\n\t\t\t\t<div class=\"ngg-album-compactbox\">\n\t\t\t\t\t<div class=\"ngg-album-link\">\n\t\t\t\t\t\t\t\t\t\t\t\t\t\t\t\t\t\t\t\t\t<a title='Empfang 2023' href='https:\/\/www.hoogstede.de\/wp-gemeinde\/bildergallerie\/neujahrsempfange\/nggallery\/neujahrsempfaenge\/empfang-2023'>\n\t\t\t\t\t\t\t\t\t<img class=\"Thumb\"\n\t\t\t\t\t\t\t\t\t\talt=\"Empfang 2023\"\n\t\t\t\t\t\t\t\t\t\tsrc=\"https:\/\/www.hoogstede.de\/wp-gemeinde\/wp-content\/gallery\/empfang-2023\/cache\/DSC_1161.JPG-nggid042566-ngg0dyn-91x68-00f0w010c011r110f110r010t010.JPG\"\/>\n\t\t\t\t\t\t\t\t<\/a>\n\t\t\t\t\t\t\t\t\t\t\t\t\t\t\t\t\t\t<\/div>\n\t\t\t\t<\/div>\n\t\t\t\t\t\t\t\t<h4>\n\t\t\t\t\t<a class='ngg-album-desc'\n\t\t\t\t\ttitle='Empfang 2023' href='https:\/\/www.hoogstede.de\/wp-gemeinde\/bildergallerie\/neujahrsempfange\/nggallery\/neujahrsempfaenge\/empfang-2023'style=\"max-width: 111px\"\t\t\t\t\t>\n\t\t\t\t\t\tEmpfang 2023\t\t\t\t\t<\/a>\n\t\t\t\t<\/h4>\n\t\t\t\t<p class=\"ngg-album-gallery-image-counter\">\n\t\t\t\t\t\t\t\t\t\t\t<strong>39<\/strong>&nbsp;Fotos\t\t\t\t\t\t\t\t\t<\/p>\n\t\t\t<\/div>\n\t\t\t\t\t<div class=\"ngg-album-compact\">\n\t\t\t\t<div class=\"ngg-album-compactbox\">\n\t\t\t\t\t<div class=\"ngg-album-link\">\n\t\t\t\t\t\t\t\t\t\t\t\t\t\t\t\t\t\t\t\t\t<a title='Neujahrsempfang 2024' href='https:\/\/www.hoogstede.de\/wp-gemeinde\/bildergallerie\/neujahrsempfange\/nggallery\/neujahrsempfaenge\/neujahrsempfang-2024'>\n\t\t\t\t\t\t\t\t\t<img class=\"Thumb\"\n\t\t\t\t\t\t\t\t\t\talt=\"Neujahrsempfang 2024\"\n\t\t\t\t\t\t\t\t\t\tsrc=\"https:\/\/www.hoogstede.de\/wp-gemeinde\/wp-content\/gallery\/neujahrsempfang-2024\/cache\/DSC_0560.JPG-nggid042612-ngg0dyn-91x68-00f0w010c011r110f110r010t010.JPG\"\/>\n\t\t\t\t\t\t\t\t<\/a>\n\t\t\t\t\t\t\t\t\t\t\t\t\t\t\t\t\t\t<\/div>\n\t\t\t\t<\/div>\n\t\t\t\t\t\t\t\t<h4>\n\t\t\t\t\t<a class='ngg-album-desc'\n\t\t\t\t\ttitle='Neujahrsempfang 2024' href='https:\/\/www.hoogstede.de\/wp-gemeinde\/bildergallerie\/neujahrsempfange\/nggallery\/neujahrsempfaenge\/neujahrsempfang-2024'style=\"max-width: 111px\"\t\t\t\t\t>\n\t\t\t\t\t\tNeujahrsempfang 2024\t\t\t\t\t<\/a>\n\t\t\t\t<\/h4>\n\t\t\t\t<p class=\"ngg-album-gallery-image-counter\">\n\t\t\t\t\t\t\t\t\t\t\t<strong>96<\/strong>&nbsp;Fotos\t\t\t\t\t\t\t\t\t<\/p>\n\t\t\t<\/div>\n\t\t\t\t\t<div class=\"ngg-album-compact\">\n\t\t\t\t<div class=\"ngg-album-compactbox\">\n\t\t\t\t\t<div class=\"ngg-album-link\">\n\t\t\t\t\t\t\t\t\t\t\t\t\t\t\t\t\t\t\t\t\t<a title='Neujahrsempfang 2025' href='https:\/\/www.hoogstede.de\/wp-gemeinde\/bildergallerie\/neujahrsempfange\/nggallery\/neujahrsempfaenge\/neujahrsempfang-2025'>\n\t\t\t\t\t\t\t\t\t<img class=\"Thumb\"\n\t\t\t\t\t\t\t\t\t\talt=\"Neujahrsempfang 2025\"\n\t\t\t\t\t\t\t\t\t\tsrc=\"https:\/\/www.hoogstede.de\/wp-gemeinde\/wp-content\/gallery\/neujahrsempfang-2025\/cache\/DSC_003-0953.JPG-nggid042709-ngg0dyn-91x68-00f0w010c011r110f110r010t010.JPG\"\/>\n\t\t\t\t\t\t\t\t<\/a>\n\t\t\t\t\t\t\t\t\t\t\t\t\t\t\t\t\t\t<\/div>\n\t\t\t\t<\/div>\n\t\t\t\t\t\t\t\t<h4>\n\t\t\t\t\t<a class='ngg-album-desc'\n\t\t\t\t\ttitle='Neujahrsempfang 2025' href='https:\/\/www.hoogstede.de\/wp-gemeinde\/bildergallerie\/neujahrsempfange\/nggallery\/neujahrsempfaenge\/neujahrsempfang-2025'style=\"max-width: 111px\"\t\t\t\t\t>\n\t\t\t\t\t\tNeujahrsempfang 2025\t\t\t\t\t<\/a>\n\t\t\t\t<\/h4>\n\t\t\t\t<p class=\"ngg-album-gallery-image-counter\">\n\t\t\t\t\t\t\t\t\t\t\t<strong>160<\/strong>&nbsp;Fotos\t\t\t\t\t\t\t\t\t<\/p>\n\t\t\t<\/div>\n\t\t\t\t<br class=\"ngg-clear\"\/>\n\t\t<div class='ngg-clear'><\/div>\t<\/div>\n<\/p>\n","protected":false},"excerpt":{"rendered":"<p>Seit 2008 richtet die Gemeinde Hoogstede jedes Jahr im Januar einen Neujahrsempfang aus. Regelm\u00e4\u00dfig nehmen 300 bis 350 B\u00fcrgerinnen und B\u00fcrger an der Veranstaltung teil. Neben der informativen&nbsp; Neujahrsansprache des B\u00fcrgermeisters mit R\u00fcck- und Ausblick gibt es ein unterhaltsames Rahmenprogramm, dass musikalisch durch Gruppen aus der Gemeinde gestaltet wird.<\/p>\n<p>Die Besucher sind G\u00e4ste der Gemeinde &hellip; <\/p>\n<p><a class=\"more-link btn\" href=\"https:\/\/www.hoogstede.de\/wp-gemeinde\/bildergallerie\/neujahrsempfange\/\">Weiterlesen<\/a><\/p>\n","protected":false},"author":2,"featured_media":2203,"parent":90,"menu_order":10,"comment_status":"closed","ping_status":"closed","template":"","meta":{"ngg_post_thumbnail":0,"footnotes":"","_links_to":"","_links_to_target":""},"class_list":["post-163","page","type-page","status-publish","has-post-thumbnail","hentry","nodate","item-wrap"],"_links":{"self":[{"href":"https:\/\/www.hoogstede.de\/wp-gemeinde\/wp-json\/wp\/v2\/pages\/163","targetHints":{"allow":["GET"]}}],"collection":[{"href":"https:\/\/www.hoogstede.de\/wp-gemeinde\/wp-json\/wp\/v2\/pages"}],"about":[{"href":"https:\/\/www.hoogstede.de\/wp-gemeinde\/wp-json\/wp\/v2\/types\/page"}],"author":[{"embeddable":true,"href":"https:\/\/www.hoogstede.de\/wp-gemeinde\/wp-json\/wp\/v2\/users\/2"}],"replies":[{"embeddable":true,"href":"https:\/\/www.hoogstede.de\/wp-gemeinde\/wp-json\/wp\/v2\/comments?post=163"}],"version-history":[{"count":11,"href":"https:\/\/www.hoogstede.de\/wp-gemeinde\/wp-json\/wp\/v2\/pages\/163\/revisions"}],"predecessor-version":[{"id":7764,"href":"https:\/\/www.hoogstede.de\/wp-gemeinde\/wp-json\/wp\/v2\/pages\/163\/revisions\/7764"}],"up":[{"embeddable":true,"href":"https:\/\/www.hoogstede.de\/wp-gemeinde\/wp-json\/wp\/v2\/pages\/90"}],"wp:featuredmedia":[{"embeddable":true,"href":"https:\/\/www.hoogstede.de\/wp-gemeinde\/wp-json\/wp\/v2\/media\/2203"}],"wp:attachment":[{"href":"https:\/\/www.hoogstede.de\/wp-gemeinde\/wp-json\/wp\/v2\/media?parent=163"}],"curies":[{"name":"wp","href":"https:\/\/api.w.org\/{rel}","templated":true}]}}